 + r - 37*r**3 + 69*r**3. Give v(-8).
3
Let z(h) be the first derivative of -h**5/60 - 5*h**4/24 + h**3 - 2*h**2 - 1. Let j(d) be the second derivative of z(d). Give j(-5).
6
Let t(x) = x - 12. Let c(p) = -p + 13. Let g(y) = -4*c(y) - 5*t(y). Calculate g(6).
2
Let z(t) = t. Suppose -5*s - 5*v = -55, v = -s + 4*v - 5. Suppose 5*l + s = 2. Give z(l).
-1
Let q(x) be the second derivative of -3*x**5/20 + x**3/6 - x. What is q(1)?
-2
Let q(c) = -11*c**2 - 15*c + 8. Let o(h) = 7*h**2 + 10*h - 5. Let i(g) = 8*o(g) + 5*q(g). Determine i(-5).
0
Let l be 1*(-2 + 8/4). Let d(g) be the third derivative of 2*g**2 + 0*g + 0*g**4 - 1/60*g**5 + 1/3*g**3 + l. Calculate d(2).
-2
Let a(c) = c**2 - 6*c. Let g be 6/(-36) + 43/6. Let h be ((-21)/6)/g*-36. Suppose 4*s - 2*p = h, -5*s - 11 = -p - 38. Determine a(s).
0
Suppose 0 = n + 8 - 13. Let t(j) be the third derivative of 2*j**2 + 0 - 1/2*j**3 - 1/10*j**5 + 7/24*j**4 + 1/120*j**6 + 0*j. What is t(n)?
7
Let q(o) = -o + 2 + 5 + 4. Let t(j) = j + 5. Suppose -2*d = -0*d. Let a be t(d). Give q(a).
6
Let r(n) be the second derivative of -n**5/20 - 3*n**4/4 - 5*n**3/3 - 5*n**2 + 10*n. Give r(-8).
6
Suppose b = s + 7, -2*b + 3*b - 3 = -s. Suppose 0 = v - 4*f - 2, -3*v - b*f + f = 26. Let p(z) = -z**3 - 6*z**2 + z + 4. Give p(v).
-2
Let q(u) be the third derivative of -u**6/120 + u**5/20 + 5*u**4/24 - 2*u**3/3 + 144*u**2. Let f = -7 + 1. Let o be 3/f - (-14)/4. What is q(o)?
11
Let u(q) = 2*q**2 + 3*q + 2. Suppose -i - 4 + 1 = 0. Let d be 3/(-1) + (-2 - i). Calculate u(d).
4
Let i(o) be the second derivative of -o**4/12 + 4*o**3/3 + 7*o**2/2 - 24*o. Determine i(9).
-2
Let d(c) = -c - 18. Let o be d(-12). Let x(l) = -2*l - 7. Calculate x(o).
5
Suppose -8*s + 12*s - 20 = 0. Let u(p) = p - 8. What is u(s)?
-3
Let x(q) = 14 - 14 + q. Calculate x(-5).
-5
Let q(r) = -r**2 - 3. Suppose 0*k - k = 17. Let v = 24 + k. Suppose 4*h + 16 = i, -v*h - 20 = 4*i - 2*h. Give q(i).
-3
Let z(r) = -r**3 - 4*r**2 - 3*r. Suppose 5*a + 5*h = -40, 3 = 3*a - 3*h - 3. What is z(a)?
0
Let c(q) = 0*q**3 + 2*q - 3*q**2 - 5*q + q**3 + 6 - 2. Let i(f) = f**3 - f**2 - f + 1. Let u be i(2). Give c(u).
-5
Let d(z) be the third derivative of z**3/6 + z**2. Let q(n) = -n - 8. Let o(g) = -3*d(g) + q(g). Determine o(-5).
-6
Let o(r) = -3*r**2 + 4 + 0*r**2 + 0*r**3 + 3*r - r**3. Let z be -3 - ((2 - 2) + 1). Give o(z).
8
Let a(u) be the first derivative of 1/2*u**2 - 2*u - 5. Determine a(0).
-2
Let n = 4 + -7. Let p(x) be the third derivative of 2*x**2 + 1/3*x**3 + 0 - 1/60*x**5 + 0*x + 0*x**4. Give p(n).
-7
Let b(k) = -k + 7. Let p be b(4). Let d(w) = -4*w - p + 0*w**2 + w**2 + 3. Calculate d(3).
-3
Let d(f) = 66 - 66 - f**2 - 2*f - f. What is d(-3)?
0
Let k(q) = -q - 8. Suppose 0 = -5*w + 2*f, 4*f = 5*w - 2*w. Determine k(w).
-8
Let z(b) = -2*b**2 - 2*b - 3. Let o be z(-2). Let w(c) = 2*c + 7. Calculate w(o).
-7
Let w(n) = 4*n + 13. Let b(x) = 2*x + 6. Let q(t) = 7*b(t) - 4*w(t). Give q(-7).
4
Let k = 3 + -5. Suppose 8 = -z + 4*l, 2*l + 3*l - 10 = -5*z. Let d(j) = j + 0*j + z*j. Calculate d(k).
-2
Let n(z) = 5*z**2 + 5*z + 1. Let c(o) = 7*o**2 + 4*o + 1. Let w(q) = 4*c(q) - 3*n(q). Determine w(-1).
13
Let l(w) = -w**2 + 6*w + 9. Suppose 3*p - 3 = 18. Give l(p).
2
Let a(z) = z - 6. Let b(p) = p - 5. Let n(k) = -6*a(k) + 7*b(k). Give n(-3).
-2
Let k(w) = -1 - 3*w + 3 + 8*w. Suppose 2*d = -0 + 4. Suppose -p + 0 = -d. Give k(p).
12
Let w(h) = h**2 - 2*h - 7. Let u be w(3). Let a(l) = l**2 + 3*l - 8. Determine a(u).
-4
Let y(s) be the second derivative of -4*s - 1/10*s**5 + 0 - 3/2*s**2 + 1/12*s**4 + 1/3*s**3. Determine y(2).
-11
Let t be ((-5)/2)/((-7)/(-14)). Let w(k) = k**2 + 2*k - 7. What is w(t)?
8
Let i = 6 - 1. Suppose i*w + 0*n - 46 = 4*n, 0 = 2*n + 8. Let b(q) = q**2 - 4*q - 7. What is b(w)?
5
Let g(h) = 2*h - 1. Let z = 7 - 2. Suppose z = -4*v + 1. Give g(v).
-3
Let l(s) = -2*s - 3. Suppose 4 = -5*q + 34. Let t be (10/(-3))/5*q. Calculate l(t).
5
Let t = 40 + -43. Let g(b) = -b + 2. Give g(t).
5
Let n(z) = -4*z**2 + 2*z - 3. Let p(s) = 3*s**2 - 3*s + 2. Let d(v) = 2*n(v) + 3*p(v). What is d(6)?
6
Suppose -3*r = -2*r. Suppose r = -4*t + 12, -q = -2*q + t. Let v(b) be the third derivative of b**4/12 - 2*b**3/3 - b**2. Determine v(q).
2
Let x(k) = k - 1. Let r(f) = 4*f - 3. Let n(l) = -r(l) + 5*x(l). Let y(w) = -1. Let j(c) = -4*n(c) + 10*y(c). Calculate j(-3).
10
Let v be (0 - 3)/(6/(-6)). Let m be (v/(-3))/(2/(-2)). Let c be (2 + 1*-4)/m. Let a(r) = r**3 + 3*r**2 + 2*r - 2. What is a(c)?
-2
Let j be (15/6)/(5/10). Let v(o) = 23*o - 5. Let b(c) = -12*c + 3. Let h(r) = j*b(r) + 3*v(r). Suppose -2 = -3*g - 5. Calculate h(g).
-9
Let k(s) = 3*s - 4. Suppose -3*m + 6 = -3*a, 4*a - 5*m - 2 = -3*m. Determine k(a).
5
Let o(x) = -x**3 + x**2 - 2*x + 1. Let c be o(0). Let s(r) = 8*r + 1. Calculate s(c).
9
Let y be (-3)/6*3*-2. Let w(h) be the third derivative of -1/12*h**4 + 0*h - h**2 + 0 + 1/60*h**5 - 1/2*h**y. Give w(4).
5
Let b(l) = -l**3 + 8*l**2 + l - 9. Let g be b(8). Let z be g - (1 + 0 - 8). Let t(i) = z*i - 30 + 30. Give t(1).
6
Let w(m) = -m + 4. Let x be 0 + (2 - (4 - 2)). Let n be -1*x/(3*-1). Determine w(n).
4
Let c be -3 + 1/(1/3). Let s(k) = -k**2 + k + 5. Calculate s(c).
5
Let z = 54 - 56. Let f(p) = -p**3 + 2*p**2 - p - 1. What is f(z)?
17
Let j be (-2 + 0 + 2)/2. Suppose -2*k + 3*o - 12 = j, 0*o - 4*o = 4*k + 4. Let u(b) = -3*b - 3. What is u(k)?
6
Let f(w) = 9*w + 2. Let b(j) = 3*j + 1. Suppose -3*d - 11 = -2. Let i(k) = k**2 - 3*k + 4. Let q be i(4). Let l(v) = d*f(v) + q*b(v). Give l(2).
-4
Let o(w) = w - 1. Let y be (2/(-10))/((-5)/25). Let c(m) = m**3 - 4*m**2 - m + 5. Let r(d) = y*o(d) + c(d). Calculate r(3).
-5
Let o(r) be the third derivative of -r**5/60 + 7*r**4/24 + 7*r**2. Determine o(6).
6
Let y(v) = 3*v + 4. Let r(b) = 6*b + 7. Let o(q) = 3*r(q) - 5*y(q). Let a be (1/(-2))/(5/20). What is o(a)?
-5
Let y(c) = 7*c**2 + 2*c - 1. Let s(o) = 13*o**2 + 3*o - 2. Let v(m) = 4*s(m) - 7*y(m). Let t(d) = -4*d**2 + 2*d + 1. Let r(f) = -5*t(f) - 6*v(f). Give r(2).
13
Let o be ((-14 - 2)/2)/1. Let f(u) = -u - 10. Let s(t) = t + 10. Let y(j) = 3*f(j) + 2*s(j). Let q be y(o). Let i(l) = 4*l. Calculate i(q).
-8
Let n be 1 + 3 + -1 - 1. Let f(y) = -n*y**2 - 2*y**3 - 3*y + 3*y + 0*y**2. Determine f(-2).
8
Let q be 1/(2/(2 + -4)). Let s(y) = -3*y**2 - y - 1. Calculate s(q).
-3
Suppose -3*n + 48 = 45. Let q(f) = -16*f + 1. What is q(n)?
-15
Let g(t) = -t - 14. Let c(x) = -5. Let b(u) = 1. Let l(w) = -4*b(w) - c(w). Let k(r) = g(r) + 4*l(r). Suppose -2*j - 6 - 4 = 0. Determine k(j).
-5
Let y(d) = -d**2 + 11*d - 8. Let j be y(7). Suppose -5*x + j = 0, 2*w - 2*x = -0*w. Let t(m) = 12*m**2 - 4 + 4*m - 6*m**3 - 9*m**2 + 5*m**3. Give t(w).
-4
Let h = 0 - -4. Let d(s) = -4*s**2 + 3*s. Let w(k) = k**2. Let u(r) = -2*d(r) - 6*w(r). Determine u(h).
8
Let h(m) = m**3 - 4*m**2 - 6*m. Suppose -2*a + 5*x = 3*a - 25, 3*x = 5*a - 25. Calculate h(a).
-5
Let y(d) be the first derivative of d**4/4 - 2*d**3/3 + 2*d**2 - 10*d + 7. Let j(i) = -i**3 + i**2 - 3*i + 11. Let r(x) = -4*j(x) - 5*y(x). Calculate r(5).
-9
Let k(z) = 10*z**3 + z**2 + z - 2. Let a(f) = 11*f**3 + f**2 + f - 1. Let b(t) = 3*a(t) - 2*k(t). Suppose 3*g - 2*q - 1 + 10 = 0, -4*q + 15 = -3*g. Give b(g).
-12
Let u(v) = v**2 + 3*v - 5. Suppose -2*q = 2*q + 20. Let j(c) = 0 - 3*c - c**2 - 2*c - 5. Let m be j(q). Calculate u(m).
5
Let d(q) = 2 - 3 - 4 + 18*q - 19*q. Determine d(-5).
0
Let x(u) be the second derivative of -4*u - u**2 - 1/12*u**4 + 0 - 2/3*u**3. Calculate x(-5).
-7
Suppose 0 = 2*c - 5 - 1. Let y(o) = -5*o**2 + o**c - 6*o - 6 + 2 + 0*o. Calculate y(6).
-4
Let t(c) = 2*c - c**3 + 7 - c + 2*c - 7*c - 7*c**2. Calculate t(-6).
-5
Let w(t) = 6*t + 4. Let y(c) = -7*c - 4. Let h(m) = 6*w(m) + 5*y(m). Give h(-5).
-1
Let o = 106 + -115. Let c(g) = -g**2 - 10*g - 10. Give c(o).
-1
Let u(z) = -z. Suppose -3*a - 4 = 8. Give u(a).
4
Let i(g) = g**3 - 8*g**2 - 4. Let y be i(8). Let o(q) = 3*q + 7. Suppose 5*s - 8 - 32 = 0. Let r(k) = 9*k + 20. Let b(u) = s*o(u) - 3*r(u). Determine b(y).
8
Let n(w) = 0 + w**2 + 3 - 4 + w + w**3. Let f(q) = q - 16. Let t be f(15). Let d(c) = 6*c**3 + 4*c**2 + 5*c - 8. Let a(o) = t*d(o) + 5*n(o). Determine a(0).
3
Suppose 2*m + 3*b = -10 - 14, m = -3*b - 9. Let o = 9 + m. Let i(